2824815?
8
What is the tens digit of 2338731097?
9
What is the ten thousands digit of 938248?
3
What is the hundred millions digit of 176031257?
1
What is the hundreds digit of 7105491556?
5
What is the millions digit of 2314773517?
4
What is the ten thousands digit of 422849326?
4
What is the hundreds digit of 398395057?
0
What is the millions digit of 5005715?
5
What is the hundred thousands digit of 169334387?
3
What is the millions digit of 44765197?
4
What is the ten thousands digit of 646503692?
0
What is the units digit of 2378057806?
6
What is the hundred thousands digit of 103831012?
8
What is the hundred thousands digit of 1661534503?
5
What is the ten millions digit of 92205398?
9
What is the ten thousands digit of 43288667?
8
What is the millions digit of 5072719433?
2
What is the hundreds digit of 1530672640?
6
What is the hundreds digit of 97216431?
4
What is the ten millions digit of 35664218?
3
What is the hundred thousands digit of 2890578633?
5
What is the ten millions digit of 2529691449?
2
What is the tens digit of 3776922053?
5
What is the tens digit of 1678727584?
8
What is the units digit of 138645009?
9
What is the units digit of 259698210?
0
What is the millions digit of 6834062?
6
What is the hundreds digit of 22462516?
5
What is the tens digit of 748728096?
9
What is the thousands digit of 77645048?
5
What is the thousands digit of 1152872502?
2
What is the units digit of 774537789?
9
What is the hundred thousands digit of 240407528?
4
What is the millions digit of 422040596?
2
What is the millions digit of 3011749807?
1
What is the hundred thousands digit of 6250694017?
6
What is the ten thousands digit of 27865157?
6
What is the billions digit of 1045395164?
1
What is the hundred thousands digit of 2229995386?
9
What is the hundred millions digit of 1047617673?
0
What is the ten millions digit of 3493420161?
9
What is the ten millions digit of 1113764002?
1
What is the ten millions digit of 30826104?
3
What is the hundred thousands digit of 16776214?
7
What is the hundred millions digit of 1503150557?
5
What is the ten thousands digit of 465139625?
3
What is the hundreds digit of 438699769?
7
What is the millions digit of 114974701?
4
What is the hundred thousands digit of 66757671?
7
What is the hundreds digit of 480111535?
5
What is the hundreds digit of 4894615127?
1
What is the units digit of 71117556?
6
What is the ten millions digit of 3729660547?
2
What is the ten millions digit of 107754686?
0
What is the hundred thousands digit of 8021981?
0
What is the units digit of 370614467?
7
What is the hundreds digit of 51185848?
8
What is the ten millions digit of 916791348?
1
What is the hundred thousands digit of 1739249309?
2
What is the millions digit of 490209200?
0
What is the units digit of 318244748?
8
What is the tens digit of 113158287?
8
What is the units digit of 1767801486?
6
What is the thousands digit of 77259217?
9
What is the hundred thousands digit of 165637903?
6
What is the thousands digit of 101889328?
9
What is the units digit of 897159?
9
What is the tens digit of 38967103?
0
What is the ten thousands digit of 1790668907?
6
What is the units digit of 76664093?
3
What is the tens digit of 391729797?
9
What is the ten millions digit of 97317557?
9
What is the millions digit of 166768749?
6
What is the thousands digit of 64262106?
2
What is the hundred millions digit of 1123981798?
1
What is the hundreds digit of 112848965?
9
What is the hundred thousands digit of 884980213?
9
What is the ten millions digit of 7194028571?
9
What is the millions digit of 53894636?
3
What is the tens digit of 1539785932?
3
What is the units digit of 697741467?
7
What is the ten thousands digit of 35605648?
0
What is the tens digit of 595406122?
2
What is the ten thousands digit of 3214815322?
1
What is the millions digit of 1409435470?
9
What is the units digit of 40217534?
4
What is the hundreds digit of 2031269353?
3
What is the ten thousands digit of 59666760?
6
What is the millions digit of 42977525?
2
What is the thousands digit of 29312116?
2
What is the hundred thousands digit of 17051524?
0
What is the ten millions digit of 17138896?
1
What is the ten thousands digit of 602274903?
7
What is the thousands digit of 167818834?
8
What is the billions digit of 4276694512?
4
What is the billions digit of 5528079667?
5
What is the hundreds digit of 577723685?
6
What is the hundreds digit of 91706638?
6
What is the ten millions digit of 54087700?
5
What is the ten thousands digit of 111293687?
9
What is the ten millions digit of 992647881?
9
What is the units digit of 103225936?
6
What is the ten thousands digit of 386126725?
2
What is the hundred thousands digit of 5330035182?
0
What is the units digit of 208764775?
5
What is the hundreds digit of 1451782393?
3
What is the hundred thousands digit of 680787951?
7
What is the billions digit of 1159080777?
1
What is the millions digit of 465570431?
5
What is the hundred thousands digit of 130948874?
9
What is the tens digit of 83682533?
3
What is the ten thousands digit of 641320764?
2
What is the thousands digit of 34545104?
5
What is the hundreds digit of 42198289?
2
What is the units digit of 1278205?
5
What is the thousands digit of 1679092303?
2
What is the hundred thousands digit of 1198579593?
5
What is the hundred millions digit of 306797602?
3
What is the thousands digit of 9508205?
8
What is the thousands digit of 23310210?
0
What is the hundred millions digit of 1330666398?
3
What is the ten thousands digit of 556212036?
1
What is the thousands digit of 480318911?
8
What is the tens digit of 2485944602?
0
What is the units digit of 22006042?
2
What is the millions digit of 35501985?
5
What is the millions digit of 282121561?
2
What is the hundred thousands digit of 105856938?
8
What is the tens digit of 45524590?
9
What is the millions digit of 3914626419?
4
What is the tens digit of 63445571?
7
What is the thousands digit of 432978290?
8
What is the tens digit of 79701112?
1
What is the hundred millions digit of 1650647716?
6
What is the ten thousands digit of 136713630?
1
What is the ten millions digit of 533738718?
3
What is the thousands digit of 380207206?
7
What is the hundred thousands digit of 845095?
8
What is the units digit of 46764394?
4
What is the thousands digit of 1659395938?
5
What is the hundreds digit of 44658706?
7
What is the units digit of 2276829286?
6
What is the tens digit of 702070818?
1
What is the ten millions digit of 55938888?
5
What is the hundreds digit of 87672551?
5
What is the millions digit of 177243750?
7
What is the hundred millions digit of 146147573?
1
What is the billions digit of 2598408627?
2
What is the ten thousands digit of 344016205?
1
What is the tens digit of 21757825?
2
What is the ten millions digit of 232652580?
3
What is the hundreds digit of 14663574?
5
What is the units digit of 45782830?
0
What is the ten millions digit of 2033454787?
3
What is the thousands digit of 41239053?
9
What is the hundred thousands digit of 200066013?
0
What is the units digit of 23725887?
7
What is the ten millions digit of 879877346?
7
What is the ten thousands digit of 12356673?
5
What is the ten millions digit of 2899105656?
9
What is the millions digit of 1730020844?
0
What is the ten thousands digit of 409223733?
2
What is the tens digit of 193307572?
7
What is the hundreds digit of 2239353?
3
What is the ten thousands digit of 82192900?
9
What is the units digit of 9835750?
0
What is the units digit of 8168652?
2
What is the ten millions digit of 183987841?
8
What is the millions digit of 719176032?
9
What is the millions digit of 205780943?
5
What is the hundred millions digit of 180167220?
1
What is the hundred millions digit of 496469406?
4
What is the thousands digit of 568269472?
9
What is the thousands digit of 2170520524?
0
What is the thousands digit of 119410015?
0
What is the hundred millions digit of 7403822927?
4
What is the ten thousands digit of 87958777?
5
What is the hundreds digit of 1648046300?
3
What is the billions digit of 1003027727?
1
What is the tens digit of 1733771070?
7
What is the hundred millions digit of 409540679?
4
What is the ten millions digit of 1702409049?
0
What is the thousa